 base 12?
-2402b35
What is -13a7a (base 14) in base 13?
-19235
Convert -155522634 (base 7) to base 15.
-dd9103
What is 14084715 (base 9) in base 4?
122210113232
Convert -51606 (base 8) to base 15.
-6507
Convert -261024 (base 9) to base 15.
-31d2a
-23232712 (base 8) to base 5
-2243410132
What is -2582642 (base 10) in base 15?
-360362
22775 (base 9) to base 6
154235
What is 13332031 (base 9) in base 10?
6575608
-12334300 (base 6) to base 3
-202101200000
What is 1622b3 (base 13) in base 14?
10377b
What is -1000011100101 (base 3) in base 12?
-21946a
237673 (base 8) to base 4
103332323
What is -76704 (base 15) in base 16?
-5bd8c
Convert 278e1 (base 15) to base 3.
20110001111
682a2 (base 13) to base 14
4d056
c9720 (base 14) to base 10
487088
What is 10450355 (base 6) in base 15?
641c8
Convert 10121202120 (base 3) to base 8.
213144
-bae5b (base 16) to base 11
-483178
1112222101202 (base 3) to base 11
514854
132440 (base 9) to base 11
55578
What is 3565121 (base 7) in base 15?
8e412
1020121222000 (base 3) to base 14
13330d
Convert -26604 (base 13) to base 10.
-71322
-52b86 (base 13) to base 14
-3c50c
-3002022010 (base 5) to base 3
-102002100111001
What is 19d878 (base 14) in base 2?
11100000110101010010
Convert 3233541 (base 6) to base 4.
213020011
What is -82350 (base 11) in base 13?
-4293a
What is -2003102220 (base 4) in base 9?
-1008610
Convert 27a788 (base 11) to base 9.
737872
What is 23b90a1 (base 12) in base 16?
6a3c39
-224115033 (base 6) to base 8
-17546675
What is -14a1874 (base 11) in base 12?
-a3814b
Convert 81757a (base 13) to base 9.
5605105
What is 326256 (base 8) in base 16?
1acae
Convert 42405551 (base 7) to base 6.
205044342
What is -1051233 (base 7) in base 15?
-28849
211111212020100 (base 3) to base 11
6832136
Convert -72114 (base 12) to base 13.
-52939
59283 (base 11) to base 4
110320031
Convert 210023302 (base 4) to base 6.
3102054
What is 340a8 (base 14) in base 12?
61170
Convert -3088330 (base 9) to base 14.
-310533
Convert -154a1 (base 11) to base 6.
-245203
-185384 (base 11) to base 14
-75d7b
What is 15a588 (base 13) in base 7?
4364446
5b08 (base 12) to base 13
4871
Convert 460721 (base 9) to base 12.
113984
Convert -124331435 (base 6) to base 3.
-11121122212012
-101121102201 (base 3) to base 2
-110010111110101010
-9a788 (base 12) to base 8
-620330
What is -b9802 (base 14) in base 5?
-103330332
What is -212043552 (base 7) in base 10?
-12599358
What is -253340 (base 16) in base 8?
-11231500
11a100a (base 11) to base 15
2b160d
Convert 224221023 (base 5) to base 16.
f6016
9691a5 (base 16) to base 12
337a571
22195a (base 13) to base 6
25115525
Convert 1072556 (base 9) to base 3.
1002102121220
Convert -2221211012022 (base 3) to base 10.
-1571138
Convert 945076 (base 10) to base 3.
1210000101211
What is -8526d (base 14) in base 2?
-1001110100000000001
Convert -104647 (base 9) to base 13.
-225a3
-1a365b (base 16) to base 4
-12203121123
What is -137674 (base 10) in base 8?
-414712
What is 2273 (base 13) in base 8?
11332
What is -281bc (base 14) in base 6?
-2043002
What is -372d7 (base 14) in base 9?
-225211
3576026 (base 11) to base 10
6230439
1333133210 (base 4) to base 3
222112100012
What is 8b785 (base 13) in base 10?
253947
What is -30177222 (base 8) in base 2?
-11000001111111010010010
43222 (base 10) to base 9
65254
-101001100001000 (base 2) to base 8
-51410
Convert -1003322010 (base 4) to base 10.
-278148
Convert 15932 (base 13) to base 7.
230564
What is -14042150 (base 6) in base 15?
-94dcc
Convert 41200401 (base 5) to base 13.
b931c
What is -60465352 (base 7) in base 15?
-693c61
Convert 1a9123 (base 14) to base 7.
11022443
What is -33301 (base 11) in base 6?
-1011304
Convert 12281043 (base 10) to base 7.
206246535
What is -1252542 (base 6) in base 14?
-1b39c
-221202241 (base 5) to base 7
-11104643
3bb17c (base 13) to base 14
29b493
Convert 188b1 (base 13) to base 9.
72305
11001122220 (base 3) to base 11
55077
Convert 2404241 (base 6) to base 14.
33997
-2de233 (base 15) to base 10
-2224623
Convert 21010122110 (base 3) to base 12.
69333
202100022221 (base 3) to base 9
670287
What is 567853 (base 9) in base 3?
122021221210
-10110001101110001001100 (base 2) to base 15
-7a0779
What is 109a6dc (base 14) in base 15?
a61e45
What is -418520a (base 11) in base 14?
-d9c4b8
Convert 65315 (base 10) to base 11.
45088
f60b (base 16) to base 7
351431
Convert -100134432 (base 5) to base 2.
-1100000101111010010
Convert 228305 (base 10) to base 14.
5d2b7
Convert -2971491 (base 10) to base 7.
-34154145
-12021122211221 (base 3) to base 8
-12554276
What is 1313324014 (base 5) in base 14?
60c662
Convert 444421 (base 7) to base 14.
20811
What is -70fa1 (base 16) in base 7?
-3635064
Convert -1001001011010011001010 (base 2) to base 9.
-4465744
Convert -1b833a (base 12) to base 4.
-1313323132
-41340222 (base 5) to base 11
-212548
Convert 797b1 (base 14) to base 7.
2336311
2b340 (base 13) to base 3
11011021102
Convert -21132002200 (base 4) to base 13.
-68bb4c
What is 3611608 (base 9) in base 8?
7355061
Convert 4b615d (base 14) to base 13.
6c9211
Convert -18984a4 (base 11) to base 10.
-3202984
12200120022001 (base 3) to base 13
81aa68
What is 111011111101001100 (base 2) in base 9?
413776
-89287 (base 10) to base 9
-145427
What is 43231 (base 10) in base 12?
21027
What is 6696154 (base 10) in base 15?
8c40a4
What is 468756 (base 14) in base 12?
97ba88
Convert -11643012 (base 7) to base 16.
-101004
Convert 10011111000000111001 (base 2) to base 5.
131320241
Convert 5872614 (base 9) to base 5.
1303134411
-11db9ca (base 14) to base 7
-133042443
-12371561 (base 8) to base 6
-134532121
What is -32045313 (base 6) in base 3?
-1202201202100
What is -110001100101100100010 (base 2) in base 4?
-12030230202
What is 1017772 (base 9) in base 14?
102225
Convert -326034 (base 8) to base 16.
-1ac1c
Convert 5253113 (base 8) to base 11.
875665
-3020020020 (base 4) to base 6
-25323000
What is 2031d1 (base 15) in base 7?
15666406
What is -210210112222 (base 3) in base 11?
-2733a1
Convert -264dd (base 14) to base 8.
-270103
9dbcb (base 14) to base 11
242355
Convert -2024020 (base 6) to base 13.
-35088
-7367422 (base 9) to base 5
-2002121142
Convert 617644 (base 11) to base 15.
148993
Convert 2331217 (base 9) to base 6.
43004111
-136a31b (base 13) to base 6
-335252415
Convert -3849774 (base 10) to base 6.
-214303010
Convert -550ca1 (base 13) to base 5.
-1003021204
What is b89155 (base 15) in base 3?
121112111222022
What is -69aa21a (base 11) in base 6?
-1114153052
What is 8314f (base 16) in base 6?
15301411
Convert 100010110011001001 (base 2) to base 6.
3015521
-ca51a (base 16) to base 15
-115818
Convert 1165633 (base 7) to base 10.
150895
-114824 (base 9) to base 4
-100321030
Convert -333141130 (base 5) to base 14.
-29d963
Convert -1137ad (base 14) to base 12.
-243151
Convert -40a3b (base 16) to base 7.
-2151622
1111001110001001111 (base 2) to base 4
1321301033
Convert -5520135 (base 6) to base 8.
-1030573
Convert -1d295a (base 14) to base 7.
-11610243
What is -2131232333 (base 4) in base 8?
-2355677
Convert 6599 (base 14) to base 8.
42253
What is 3115261 (base 8) in base 12?
33a041
112112222102002 (base 3) to base 2
11101100000011011001101
What is -32021023030 (base 4) in base 6?
-211244444
-11100526 (base 7) to base 15
-13dde4
284614 (base 10) to base 9
473367
What is -1d1c3b (base 16) in base 8?
-7216073
Convert 1454543 (base 11) to base 3.
11200202102102
Convert -144514145 (base 6) to base 8.
-13430221
1247174 (base 8) to base 15
6d09c
1120021120 (base 3) to base 9
46246
Convert -7a954 (base 11) to base 2.
-11100100011010001
What is -1003114422 (base 5) in base 8?
-7512612
Convert -255c09 (base 16) to base 9.
-4541506
1aa1537 (base 13) to base 2
100001101011011000010101
Convert 110011010011011100 (base 2) to base 8.
632334
Convert -45828 (base 9) to base 11.
-20a65
Convert 12211121100002 (base 3) to base 12.
1057278
Convert -3406814 (base 9) to base 7.
-21413320
What is 1014005 (base 6) in base 12?
24305
What is -101001200000 (base 3) in base 14?
-52261
Convert 114163 (base 9) to base 12.
338a0
Convert 52524064 (base 7) to base 14.
8393a4
What is 10111000110111001 (base 2) in base 16?
171b9
Convert -237407 (base 12) to base 9.
-1062347
102221032 (base 5) to base 16
68dc